7. Give v(80).
-33
Let x(d) = 15601*d - 936062. Determine x(60).
-2
Let u(t) = 308*t**2 + 29572*t + 366. Give u(-96).
-18
Let r(y) = -11*y**3 + 584*y**2 - 55*y + 1161. Give r(53).
1055
Let n(r) = r**2 + 1174*r + 292547. Calculate n(-359).
-38
Let p(h) = 1135702*h + 35206773. Calculate p(-31).
11
Let o(k) = 303*k + 5380. Determine o(-14).
1138
Let q(c) = -14*c**3 - 68*c**2 - 51*c - 236. What is q(-5)?
69
Let h(r) = 549*r**2 + 5108*r + 10200. Calculate h(-2).
2180
Let s(f) = f**3 - 68*f**2 - 1764*f + 120112. Give s(68).
160
Let p(m) = -14*m**3 - 158*m**2 + 36*m + 68. Calculate p(-12).
1076
Let m(g) = -g**2 + 7188*g + 180313. Determine m(-25).
-12
Let q(z) = -21*z**2 - 18*z + 172. Calculate q(-6).
-476
Let a(d) = d**3 - 97*d**2 - 176*d - 4500. Give a(99).
-2322
Let a(r) = 4207*r + 437477. Give a(-104).
-51
Let a(b) = b**2 + 49*b - 21451. Give a(-173).
1
Let o(b) = -2*b**3 - 381*b**2 - 95*b + 15548. Determine o(-190).
-2502
Let s(t) = -1415*t + 5660. Calculate s(4).
0
Let m(u) = 2*u**2 + 487531*u - 1950151. Calculate m(4).
5
Let a(o) = 3*o**3 - 216*o**2 + 811*o + 267. What is a(68)?
-73
Let g(h) = h**3 - 16*h**2 + 37*h - 55. Give g(3).
-61
Let w(v) = -10*v**2 + 2300*v - 26158. Give w(12).
2
Let r(h) = 9*h**3 - 3*h**2 + 2591*h - 2589. Calculate r(1).
8
Let r(j) = -37*j**3 + 884*j**2 + 126*j + 100. What is r(24)?
820
Let k(m) = -m**3 + 129*m**2 - 352*m + 28588. Give k(128).
-84
Let y(w) = -3*w**2 - 106*w + 4199. Calculate y(-60).
-241
Let g(q) = -15*q**3 + 68*q**2 + 148*q - 65. What is g(6)?
31
Let o(p) = p**2 + 30*p + 147. Determine o(-36).
363
Let v(r) = -77*r + 1055. Calculate v(22).
-639
Let j(f) = -5214*f + 104343. What is j(20)?
63
Let i(v) = 43727*v + 699626. What is i(-16)?
-6
Let x(z) = -z**3 - 51*z**2 + 2044*z + 103709. Calculate x(-52).
125
Let k(q) = 110*q - 5667. What is k(38)?
-1487
Let l(y) = -8*y**2 - 366*y + 4195. Give l(11).
-799
Let d(l) = 13*l**3 + 518*l**2 - 165*l - 3405. What is d(-40)?
-5
Let o(p) = -p**3 + 11*p**2 + 191*p + 74. What is o(-10)?
264
Let n(m) = 223*m - 62622. What is n(281)?
41
Let d(r) = 2394*r - 2512. Give d(0).
-2512
Let z(j) = -5*j**3 - 17*j**2 - 2320*j + 12654. What is z(5)?
4
Let p(h) = 158*h**2 - 4238*h + 3375. Calculate p(26).
-5
Let x(q) = -2*q**2 - 367*q + 17018. What is x(38)?
184
Let k(y) = -12*y**3 + 40*y**2 + 94*y - 427. Calculate k(5).
-457
Let f(g) = 37566*g + 263233. Calculate f(-7).
271
Let w(x) = 43314*x - 649733. Calculate w(15).
-23
Let m(q) = -5*q**3 - 207*q**2 - 94*q - 159. Give m(-41).
333
Let m(u) = 396*u - 25101. What is m(63)?
-153
Let b(z) = 3*z**2 + 87*z + 607. Give b(-19).
37
Let m(l) = 2*l**3 + 11*l**2 + 2520*l + 7488. What is m(-3)?
-27
Let l(d) = -27*d**3 - 4*d**2 - 41*d + 144. Determine l(3).
-744
Let h(d) = -3*d**2 - 155582*d + 777976. What is h(5)?
-9
Let v(c) = c**3 + 59*c**2 - 365*c + 28345. What is v(-70)?
-5
Let q(t) = -2*t**2 - 1932*t + 38302. Determine q(20).
-1138
Let a(h) = 99959*h - 299878. Calculate a(3).
-1
Let a(c) = 637*c - 1119. Give a(2).
155
Let x(l) = -2868798*l + 17212786. Determine x(6).
-2
Let s(k) = 312*k**2 - 2765*k - 379. Calculate s(9).
8
Let x(y) = -3*y**3 - 547*y**2 - 9733*y + 137. Give x(-20).
-3
Let n(c) = -c**3 + 2024*c**2 + 2544*c - 9239060. What is n(2023)?
-19
Let l(t) = -917*t + 6675. Calculate l(7).
256
Let l(y) = 1753*y - 10700. Determine l(6).
-182
Let v(y) = -22706*y + 158909. Give v(7).
-33
Let f(i) = -37546*i + 37571. Calculate f(1).
25
Let f(x) = -x**3 - 30*x**2 + 151*x + 276. Calculate f(-34).
-234
Let j(q) = q**3 + 8*q**2 - 18*q - 105. Calculate j(-8).
39
Let j(n) = 2*n**3 + n**2 - 399*n + 289. What is j(13)?
-335
Let f(o) = 13665*o + 273292. Determine f(-20).
-8
Let d(y) = -3*y**2 + 627*y - 64. Determine d(0).
-64
Let y(s) = -2*s**2 + 213*s + 87. What is y(100)?
1387
Let w(i) = 10895*i - 2266204. Give w(208).
-44
Let j(r) = 3318*r - 282016. Give j(85).
14
Let k(v) = -6*v**2 - 8736*v - 61038. Determine k(-7).
-180
Let m(n) = n**2 - 17*n - 2201. Determine m(59).
277
Let q(o) = -o**3 - 2*o**2 + 476*o + 2735. What is q(-6)?
23
Let x(u) = 4098*u + 20178. Give x(-5).
-312
Let t(o) = 550*o + 77355. Give t(-139).
905
Let y(d) = -2*d**2 + 545*d - 31179. Determine y(183).
1578
Let z(y) = -21390*y + 256609. Determine z(12).
-71
Let w(v) = -35*v**3 + 107*v**2 - 19*v - 77. Determine w(3).
-116
Let h(o) = -o**3 + 12*o**2 + 374*o - 328. Give h(27).
-1165
Let w(f) = 445*f**2 + 12893*f - 354. What is w(-29)?
-6
Let t(v) = -40501*v + 324682. Give t(8).
674
Let d(q) = 6*q**2 - 1435*q - 1216. What is d(240)?
-16
Let y(l) = l**3 + 52*l**2 + 309*l + 1454. Give y(-46).
-64
Let g(y) = 6*y**3 + 275*y**2 - 320*y + 261. Determine g(-47).
-162
Let i(k) = 25*k**2 - 537*k - 1080. What is i(-2)?
94
Let c(t) = -3*t**3 + 16*t**2 + 38*t - 163. Calculate c(10).
-1183
Let j(s) = s**3 + 28*s**2 - 58*s - 49. What is j(-29)?
792
Let z(v) = -62*v + 10662. Give z(177).
-312
Let r(c) = 16854*c - 29160. Calculate r(2).
4548
Let y(n) = n**2 - 752*n - 96770. Determine y(-112).
-2
Let y(l) = 4*l**3 + 2319*l**2 - 88666*l - 71. Give y(36).
1
Let d(t) = 991*t + 89186. Determine d(-90).
-4
Let l(g) = g**3 - 31*g**2 - 109*g + 106. Determine l(34).
-132
Let l(t) = -t**2 - 48*t - 255. Determine l(-15).
240
Let s(p) = -2639*p + 73864. Calculate s(28).
-28
Let q(r) = -468*r + 145000. Give q(311).
-548
Let i(k) = -61*k**2 + 2689*k - 219. Calculate i(44).
1
Let k(i) = 3*i**2 - 49*i - 644. What is k(30)?
586
Let v(b) = -155159*b**2 + 930942*b + 73. Determine v(6).
1
Let q(h) = -63325*h + 2786268. Give q(44).
-32
Let x(c) = 8990*c - 7663. Determine x(1).
1327
Let j(o) = -3037*o - 357739. Determine j(-118).
627
Let r(k) = 1815*k - 119769. Give r(66).
21
Let l(k) = 4*k**3 - 12*k**2 - 29*k + 21. What is l(-3)?
-108
Let t(n) = -167*n**2 + 64*n - 408. Calculate t(4).
-2824
Let c(s) = -224*s**2 - 83825*s + 83824. What is c(1)?
-225
Let h(t) = -6335*t - 684173. Give h(-108).
7
Let m(f) = -69*f - 13551. What is m(-210)?
939
Let l(d) = d**3 + 894*d**2 + 3354*d - 183306. Give l(-890).
34
Let v(l) = l**3 - 22*l**2 - 20*l + 316. Give v(25).
1691
Let t(p) = -p**3 + 49*p**2 + 67*p - 819. Give t(50).
31
Let x(c) = -2*c**3 - 644*c**2 - 14768*c + 2049. Determine x(-25).
-1
Let v(p) = -p**2 + 258*p - 14020. Give v(79).
121
Let s(b) = 219*b + 15525. Calculate s(-71).
-24
Let s(n) = 132137*n - 528519. Determine s(4).
29
Let q(p) = -4*p**2 - 1939*p + 128945. Calculate q(-544).
17
Let f(p) = -833*p**2 - 17478*p + 81. Give f(-21).
-234
Let u(h) = 121*h**2 + 4797*h + 4800. Calculate u(-1).
124
Let j(x) = -2954*x - 91701. Calculate j(-31).
-127
Let q(k) = -11*k**2 - 4*k - 136. Determine q(5).
-431
Let t(k) = 83*k**2 + 7*k + 68. Determine t(-3).
794
Let o(t) = 35*t**2 + 4852*t - 16800. Give o(-142).
-44
Let i(k) = -8*k**3 - 3*k**2 - 42*k + 115. Determine i(3).
-254
Let u(j) = -4231*j + 1413157. Calculate u(334).
3
Let v(t) = -709*t - 108956. Give v(-154).
230
Let l(c) = -5197*c + 1397978. What is l(269)?
-15
Let l(b) = b**2 - 951*b - 27412. What is l(-28)?
0
Let x(n) = 1743*n - 6097. What is x(4)?
875
Let p(l) = -6*l**2 + 126189*l - 2. Give p(0).
-2
Let y(k) = 259*k + 23591. What is y(-91)?
22
Let v(y) = 7*y**3 - 215*y**2 - 71*y + 286. What is v(31)?
7
Let o(r) = 15*r**2 + 3070*r - 91264. Calculate o(-231).
-19
Let t(p) = -4*p**3 - 691*p**2 + 2068*p - 38724. What is t(-176)?
-4
Let p(r) = 180007*r + 21600847. Determine p(-120).
7
Let t(d) = -9*d**3 - 56*d**2 - 54*d + 2. Give t(-5).
-3
Let t(n) = 239*n + 4898. Determine t(-20).
118
Let y(u) = 10*u**2 - 353*u + 1237. Calculate y(34).
795
Let w(g) = -2836*g + 51000. Calculate w(18).
-48
Let d(o) = -2*o**2 - 459*o + 5537. Determine d(12).
-259
Let b(w) = w**2 - 302*w + 8646. What is b(32)?
6
Let f(s) = 1798*s - 557382. Determine f(310).
-2
Let f(d) = d**2 + 7*d + 266. Determine f(-29).
904
Let p(d) = -10210*d - 725329. Determine p(-71).
-419
Let l(o) = -o**3 + 36*o**2 + 55*o - 4843. Calculate l(35).
-1693
Let y(q) = 4169*q + 1467456. Calculate y(-352).
-32
Let b(v) = -2*v**3 + 343*v**2 + 1953*v + 15. Give b(177).
1077
Let c(q) = 43*q + 136. Determine c(-5).
-79
Let w(b) = 117*b + 2666. Give w(-19).
443
Let u(s) = 3*s**3 - 81*s**2 + 11304*s - 291887. Calculate u(26).
-11
Let s(m) = -136389*m + 2727779. Give s(20).
-1
Let c(t) = -10*t**2 + 3817*t - 33433. Calculate c(9